- (-2 - 145) is divided by 21.
18
Let l be -23 - (-1)/((-3)/(-9)). Let i be (-8)/l - (-81)/(-15). Calculate the remainder when 13 is divided by (6 - 7)*(i + 0).
3
Suppose 5*d + 4*c - 11 = 8, -32 = -4*d + c. Suppose -4*x - 27 = -d*x. Let u(r) = -214*r - 14764. What is the remainder when x is divided by u(-69)?
1
Let u = 458 - 444. Calculate the remainder when 68 is divided by u.
12
Suppose 65*c - 48*c - 272 = 0. Calculate the remainder when 132 is divided by c.
4
Suppose -10*r + 38 = -9*r. Suppose -5 = -d, -26*x = -28*x + 3*d + 129. Calculate the remainder when x is divided by r.
34
Suppose -5*j = 4*d + 208, 3*j + 0*d = 3*d - 114. What is the remainder when j/(-10) - -15*3 is divided by 14?
7
Suppose -25*k + 4801 + 2974 = 0. What is the remainder when k is divided by 24?
23
Suppose -25*a + 22*a = -6. Suppose -19 = a*m - 89. What is the remainder when m is divided by 9?
8
Calculate the remainder when (2 - -1)*(-10 + (-979)/(-33)) is divided by 30.
29
Let v = 134 - 82. Let r = 62 - v. Calculate the remainder when r is divided by 8.
2
Suppose 3*o + i - 209 = 0, i - 4*i = 2*o - 151. Suppose 214 = -4*t - 154. Calculate the remainder when o is divided by (-3)/(-2)*t/(-6).
22
What is the remainder when 418/95*(-175)/(-10) is divided by 30?
17
Suppose -8*g + 1659 + 1197 = 0. What is the remainder when g is divided by 6?
3
Let c(v) = -2*v**3 + 20*v**2 - 13*v - 42. What is the remainder when 184 is divided by c(9)?
1
Calculate the remainder when 38 is divided by (6/(-5))/((-1)/10) + 2.
10
Let c be (308/(-6))/(4/6). Let h = c + 82. Calculate the remainder when 16 is divided by h.
1
Let x be 0/((3 + -7)/4). Suppose 0 = 5*b - x - 10. Suppose 0*c + 34 = b*c. What is the remainder when c is divided by 10?
7
Suppose -4*g - 16 = 0, m + 3 = -4*g - 7. Let v(n) = 2*n**2 + 11*n + 4. Suppose -27*l - 30 = -22*l. What is the remainder when v(l) is divided by m?
4
Let w(o) = -o**3 - 3*o**2 - o + 1. Calculate the remainder when 60 is divided by w(-4).
18
Suppose -5*i = 2*y + 17, -y = -3*y + 5*i + 33. Let o(s) = 15*s - 23. Calculate the remainder when o(y) is divided by 19.
18
Suppose 0 - 21 = -7*q. Let f(d) = d - 3. Let j be f(6). Suppose 0 = a + j*g - 31, 2*a - 5*g - 4 = q. What is the remainder when 30 is divided by a?
14
Let p = -1904 - -2207. Calculate the remainder when p is divided by 64.
47
Let q = 466 + -443. What is the remainder when 296 is divided by q?
20
Let g = -153 + 219. Let l = -34 + g. What is the remainder when 6 is divided by l/(-12)*3/(-2)?
2
Suppose -39*g + 286 = -26*g. Calculate the remainder when (-948)/(-15) - 1/5 is divided by g.
19
Let l = -17 + 29. Let i be l/(-9)*105/14. Calculate the remainder when i/(-4) - 3/2 is divided by 1.
0
Suppose -50*p + 52*p = 0, -3*p - 456 = -2*o. Calculate the remainder when o is divided by 23.
21
Let g = 1024 - 365. Calculate the remainder when g is divided by 12.
11
Let q(w) = -w**3 + 5*w + 212. What is the remainder when q(0) is divided by 55?
47
Let x(v) = v**2 - 3*v + 1. Suppose -3290 = -5*m + 6*z - 2*z, 4*m - 2632 = -5*z. What is the remainder when m/9 - 20/180 is divided by x(-3)?
16
Let w = -10 + 23. Let k(z) = 5*z - 2. Calculate the remainder when k(w) is divided by 4/22 + 595/55.
8
Suppose -60 = n - 3*n - 2*p, -3*n + 5*p = -50. What is the remainder when 498 is divided by n?
23
Let o = 381 - 373. Calculate the remainder when 52 is divided by o.
4
Suppose 0 = c + 5, -v - 2*c - 50 = -3*v. Let p = 1705 + -1670. Calculate the remainder when p is divided by v.
15
Let v = 2093 - 2090. What is the remainder when 525 is divided by v?
0
Let j be 16/40 - 26/(-10). Let a(o) = -j*o**3 - 6 - 7*o**2 + 4*o**3 - 3*o - 3*o. Calculate the remainder when 28 is divided by a(8).
8
Let s(a) = -a + 2. Let k be s(3). Let p = k - -1. Suppose p = 4*h + 12, -l - l - 3*h = -131. Calculate the remainder when l is divided by 24.
22
Let s = -71 - -76. Suppose 73 = 2*r - 5*d, -r + 14 = -s*d - 20. Calculate the remainder when 193 is divided by r.
37
Let u = 161 + -141. Calculate the remainder when 338 is divided by u.
18
Let s(p) = -3*p**2 + 150*p + 19. What is the remainder when s(49) is divided by 14?
12
Suppose i + 944 + 290 = 0. Let t = i + 582. What is the remainder when 2/8 + t/(-16) is divided by 14?
13
Let o be 1/(5/(-353)) + (-312)/780. Let s be (0 + 6)/((-4)/(-76)). Let l = s + o. Calculate the remainder when l is divided by 9.
7
Calculate the remainder when (252/(-288))/((-2)/1168) is divided by 65.
56
Let a(h) = h**3 + 16*h**2 - 20*h - 25. What is the remainder when 491 is divided by a(-17)?
23
Let m = 35 - 21. Suppose 37*k - 74*k + 888 = 0. Calculate the remainder when k is divided by m.
10
Suppose -7*v + 7708 = 34*v. What is the remainder when v is divided by 30?
8
Let v(r) = r**3 - 9*r**2 + 8. Suppose -44 = -5*j + d + d, 0 = -5*j - 3*d + 59. Calculate the remainder when v(j) is divided by 22.
20
Let m = -870 - -905. Calculate the remainder when 202 is divided by m.
27
Suppose -4*g - 8 = 0, 0*l = 3*l + 4*g - 127. What is the remainder when l is divided by (-1384)/152 + 9 + 460/38?
9
Let w = 73 - 51. Suppose -4*b = -3*t + 529, -17*t + 698 = -13*t + 2*b. Calculate the remainder when t is divided by w.
21
Suppose -4*x + 12 = 0, -18 = -3*y - 2*x - x. Suppose -13 = -y*h + 89. Suppose -n + 5*w + 266 = n, 2*w = 0. What is the remainder when n is divided by h?
31
Let z be ((-6)/(-2))/(6/8). Suppose 0*w + z*w = -p + 69, p + 75 = 5*w. Calculate the remainder when 47 is divided by w.
15
Let v = -29 + 81. Let c(w) = 30*w**2 - w - 1. Let b be c(-1). Let r = 48 - b. What is the remainder when v is divided by r?
16
Let k = 631 - 609. Calculate the remainder when 59 is divided by k.
15
Let m = -53 - -135. Let p(y) = y**3 + 6*y**2 - 2*y. Let a be p(-6). Let f(c) = -c + 26. Calculate the remainder when m is divided by f(a).
12
Suppose -2*c = -3*j + 4, c = -5*j - 0*c + 24. Suppose -68 = -3*v - 2*k, -v + 0*k - 4*k + 16 = 0. Let z = -17 + v. What is the remainder when z is divided by j?
3
Suppose -5*p - 31 = b - 7, 3*p = 5*b + 204. Calculate the remainder when 1*(1 + -3) - b is divided by 10.
7
Let j be 12*(0 - 13/(-3)). Suppose -5*g = -6*g + j. What is the remainder when g is divided by 11?
8
Let u(h) = 12*h - 53. Calculate the remainder when 121 is divided by u(8).
35
Let l = -557 + 756. What is the remainder when l is divided by 69?
61
Let l(i) = -17*i**2 - 7 + 0*i**3 + 12*i**2 + 5*i - 2*i**3 + 4*i**3. Calculate the remainder when 67 is divided by l(3).
16
Let q(t) = t**2 - 7*t + 20. Let i be q(0). What is the remainder when 5510/i - (-6)/(-4) is divided by 55?
54
Let a = -938 + 977. What is the remainder when a is divided by -2*1 + 11 + 1?
9
Let b = -70 - -44. Suppose -27 = w - 92. Calculate the remainder when b/w + (-122)/(-5) is divided by 13.
11
Let j(h) = h**3 - 8*h**2 - 35*h - 3. Calculate the remainder when j(12) is divided by 19.
1
Let g = -53 - -237. Suppose -5*z - g = -9*z. What is the remainder when (z/2)/(4 - 3) is divided by 13?
10
Let v(g) = -g**3 - 5*g**2 + g + 5. Let k be v(-5). Calculate the remainder when k + 0 + -1 + 12 is divided by -14*(-2 - (-9)/6).
4
Suppose 52*k - 333 = 49*k. Calculate the remainder when k is divided by 26.
7
Suppose -3*t = 5*g - 136, -70*g + 73*g - 4*t = 70. Let w(s) = -s**2 - 7*s - 5. What is the remainder when g is divided by w(-4)?
5
Let w be 10/(-1)*1*-1. Suppose -w*o + 132 = -298. Calculate the remainder when 126 is divided by o.
40
Let s be (7/28 + (-2)/(-24))*0. Suppose 0 = 5*y - s*y - 375. Calculate the remainder when y is divided by 13.
10
Let c(y) = -y**2 + 16*y + 6. Let n(r) = -8*r**3 - r**2 - 6*r - 5. What is the remainder when c(15) is divided by n(-1)?
5
Suppose -195 = -19*f + 14. What is the remainder when 24 is divided by f?
2
Let f(g) = -g**3 - g**2 + 8*g - 12. Let k(p) = -p**3 - p**2 + 7*p - 11. Let m(w) = -6*f(w) + 7*k(w). What is the remainder when 19 is divided by m(-3)?
9
Let l(n) be the third derivative of 29*n**6/60 + n**5/30 - n**3/6 + 12*n**2. Let p be -1*(0 - (-2)/(-2)). Calculate the remainder when l(p) is divided by 15.
14
Suppose 15 = 2*d - 29. Let u(y) be the third derivative of -y**6/120 + 7*y**5/60 - 5*y**4/24 - 4*y**2. Calculate the remainder when d is divided by u(6).
4
Let h(k) = 8*k - 6. Let o be h(1). Suppose 5*n - 5 = 20. Suppose 23 = n*r + 3*y + o, 19 = 